{"id":2,"date":"2010-12-06T17:11:58","date_gmt":"2010-12-06T17:11:58","guid":{"rendered":"http:\/\/www.anke-rasmussen.de\/?page_id=2"},"modified":"2026-02-06T11:39:13","modified_gmt":"2026-02-06T11:39:13","slug":"eine-seite","status":"publish","type":"page","link":"https:\/\/www.anke-rasmussen.de\/?page_id=2","title":{"rendered":"Herzlich willkommen&#8230;"},"content":{"rendered":"<p><a href=\"http:\/\/www.anke-rasmussen.de\/wp-content\/uploads\/2010\/12\/IMG-20160325-WA0030.jpg\"><img loading=\"lazy\" decoding=\"async\" class=\"alignleft size-medium wp-image-451\" src=\"http:\/\/www.anke-rasmussen.de\/wp-content\/uploads\/2010\/12\/IMG-20160325-WA0030-225x300.jpg\" alt=\"\" width=\"225\" height=\"300\" srcset=\"https:\/\/www.anke-rasmussen.de\/wp-content\/uploads\/2010\/12\/IMG-20160325-WA0030-225x300.jpg 225w, https:\/\/www.anke-rasmussen.de\/wp-content\/uploads\/2010\/12\/IMG-20160325-WA0030-768x1024.jpg 768w, https:\/\/www.anke-rasmussen.de\/wp-content\/uploads\/2010\/12\/IMG-20160325-WA0030.jpg 1200w\" sizes=\"auto, (max-width: 225px) 100vw, 225px\" \/><\/a>&#8230;auf meiner Internetseite, die sich vor allem mit meiner Leidenschaft f\u00fcrs Segeln befasst.<br \/>\nAls 13-j\u00e4hrige war ich zum ersten Mal auf einem Segelboot und seitdem hat mich die Liebe zum Segeln nicht mehr losgelassen. Ich finde es immer wieder spannend, wie unterschiedlich Segelboote sind und letztlich doch alle nur den Wind nutzen, um vorw\u00e4rts zu kommen.<\/p>\n<p>Angefangen habe ich klassisch auf einem Zugvogel, sp\u00e4ter dann weitergelernt auf Piraten und Drachen. Einen Laser zu segeln hat mich w\u00e4hrend meiner Studentenzeit mehr begeistert als das damals aufkommende Windsurfen und so habe ich mir irgendwann auch einmal meinen eigenen Laser gekauft.<\/p>\n<p>Als ich nach langer Wartezeit f\u00fcr 2021 eine Boje in der Herrschinger Bucht in Aussicht gestellt bekommen habe, war f\u00fcr mich klar, dass ich ein eigenes, bojentaugliches Schiff haben m\u00f6chte.<\/p>\n<p>In einer landwirtschaftlichen Lagerhalle im Allg\u00e4u habe ich im Sommer 2020 eine Sirius 24 &#8211; meine &#8222;Passlatant&#8220; &#8211; entdeckt und an den Ammersee gebracht. Auf ihr habe ich unz\u00e4hlige wundersch\u00f6ne Stunden verbracht, hin und wieder \u00fcbernachtet, viele spannende und ber\u00fchrende Gespr\u00e4che gef\u00fchrt und auch einige ungeplante Abenteuer \u00fcberstanden. Meine Passlatant ist schnell segelfertig, einfach zu handhaben und h\u00e4lt so einiges aus. Zum Gl\u00fcck!<\/p>\n","protected":false},"excerpt":{"rendered":"<p>&#8230;auf meiner Internetseite, die sich vor allem mit meiner Leidenschaft f\u00fcrs Segeln befasst. Als 13-j\u00e4hrige war ich zum ersten Mal auf einem Segelboot und seitdem hat mich die Liebe zum Segeln nicht mehr losgelassen. Ich finde es immer wieder spannend, wie unterschiedlich Segelboote sind und letztlich doch alle nur den Wind nutzen, um vorw\u00e4rts zu &hellip; <a href=\"https:\/\/www.anke-rasmussen.de\/?page_id=2\" class=\"more-link\"><span class=\"screen-reader-text\">Herzlich willkommen&#8230;<\/span> weiterlesen <span class=\"meta-nav\">&rarr;<\/span><\/a><\/p>\n","protected":false},"author":3,"featured_media":0,"parent":0,"menu_order":2,"comment_status":"open","ping_status":"open","template":"","meta":{"footnotes":""},"class_list":["post-2","page","type-page","status-publish","hentry"],"_links":{"self":[{"href":"https:\/\/www.anke-rasmussen.de\/index.php?rest_route=\/wp\/v2\/pages\/2","targetHints":{"allow":["GET"]}}],"collection":[{"href":"https:\/\/www.anke-rasmussen.de\/index.php?rest_route=\/wp\/v2\/pages"}],"about":[{"href":"https:\/\/www.anke-rasmussen.de\/index.php?rest_route=\/wp\/v2\/types\/page"}],"author":[{"embeddable":true,"href":"https:\/\/www.anke-rasmussen.de\/index.php?rest_route=\/wp\/v2\/users\/3"}],"replies":[{"embeddable":true,"href":"https:\/\/www.anke-rasmussen.de\/index.php?rest_route=%2Fwp%2Fv2%2Fcomments&post=2"}],"version-history":[{"count":34,"href":"https:\/\/www.anke-rasmussen.de\/index.php?rest_route=\/wp\/v2\/pages\/2\/revisions"}],"predecessor-version":[{"id":712,"href":"https:\/\/www.anke-rasmussen.de\/index.php?rest_route=\/wp\/v2\/pages\/2\/revisions\/712"}],"wp:attachment":[{"href":"https:\/\/www.anke-rasmussen.de\/index.php?rest_route=%2Fwp%2Fv2%2Fmedia&parent=2"}],"curies":[{"name":"wp","href":"https:\/\/api.w.org\/{rel}","templated":true}]}}